 3 + -4313150?
-4313143
In base 3, what is 11 + 1110100020?
1110100101
In base 16, what is -516 - 16?
-52c
In base 4, what is 1331 - -131132?
133123
In base 4, what is 30000133 - 3?
30000130
In base 5, what is 223 + 3031?
3304
In base 13, what is -1b99 + -19?
-1bb5
In base 15, what is a9e + -6?
a98
In base 15, what is -2d1 + -158?
-439
In base 12, what is -894 - -11a?
-776
In base 11, what is -14a57 + 27?
-14a30
In base 6, what is 2 + -32052?
-32050
In base 13, what is -333c9 - 5?
-33401
In base 5, what is -224043 + 2?
-224041
In base 14, what is -c152b + 0?
-c152b
In base 6, what is 5 - 20145?
-20140
In base 7, what is 1 - 1501010?
-1501006
In base 6, what is 1213353 + -2?
1213351
In base 10, what is -2 + -3273?
-3275
In base 11, what is -464 + 5?
-45a
In base 16, what is 1 + 677f?
6780
In base 12, what is 1b + -11587?
-11568
In base 15, what is -4 - 5ca18?
-5ca1c
In base 3, what is -2 - 1012121120?
-1012121122
In base 10, what is -255 + 61?
-194
In base 4, what is 21 - -22103?
22130
In base 10, what is -445086 - -1?
-445085
In base 15, what is -24559 + -4?
-2455d
In base 7, what is -2221420 + 11?
-2221406
In base 2, what is 111010011110 - 1100010?
111000111100
In base 10, what is 44372 + 6?
44378
In base 3, what is -212122121 + 200?
-212121221
In base 13, what is a6529 + 9?
a6535
In base 11, what is -4766 - 0?
-4766
In base 2, what is -1000000010110010 - -100?
-1000000010101110
In base 14, what is 2 - -1071?
1073
In base 11, what is -456a2 - 4?
-456a6
In base 14, what is -a1358 + 4?
-a1354
In base 14, what is 15 - -3aba?
3ad1
In base 7, what is 133651 + 5?
133656
In base 9, what is 310 + 2704?
3114
In base 15, what is -1 + 5cd2?
5cd1
In base 7, what is 106 - 13250?
-13141
In base 5, what is 1403434 - -4?
1403443
In base 5, what is 0 - -22331402?
22331402
In base 14, what is 91864 + -9?
91859
In base 13, what is 42751 + -7?
42747
In base 2, what is 11 + 1010100101000?
1010100101011
In base 16, what is ca2 + -1a5?
afd
In base 10, what is 7111 - 6?
7105
In base 3, what is -1221 + -1020012002?
-1020021000
In base 5, what is 10043 + 244?
10342
In base 13, what is -29228 + 1?
-29227
In base 5, what is -131103 - -13?
-131040
In base 5, what is -241234 - 2?
-241241
In base 5, what is -4241323144 - 4?
-4241323203
In base 3, what is -1002 + 2210122222?
2210121220
In base 3, what is -100220222 - -212?
-100220010
In base 4, what is -101021210 + 122?
-101021022
In base 15, what is 4 - -17bc7?
17bcb
In base 6, what is 343425 + 4?
343433
In base 14, what is ab5a + 15?
ab71
In base 6, what is 5 + -335530?
-335521
In base 6, what is -10211 + -15?
-10230
In base 7, what is -1 - -31064?
31063
In base 7, what is -2443544 - 2?
-2443546
In base 5, what is -1 - 110302?
-110303
In base 6, what is 0 + -512232?
-512232
In base 15, what is 3 - d88a?
-d887
In base 9, what is 3 - 363154?
-363151
In base 15, what is 138 + 7d?
1b6
In base 3, what is -1021 - 12222012200?
-12222020221
In base 12, what is 2774 + 2?
2776
In base 10, what is 1 + 10534?
10535
In base 9, what is -76 - -18228?
18142
In base 6, what is 5 - -323454?
323503
In base 4, what is 111 - 132103?
-131332
In base 10, what is -2123 + 168?
-1955
In base 10, what is 2 + -214861?
-214859
In base 14, what is 26965 - -2?
26967
In base 13, what is 4 + -19a4?
-19a0
In base 12, what is 4 + -16109?
-16105
In base 7, what is 314 - -306?
623
In base 8, what is -1013511 + 1?
-1013510
In base 9, what is -14 - -27067?
27053
In base 16, what is c4 + 3d?
101
In base 2, what is 11101110010001111 - -101?
11101110010010100
In base 12, what is 2 - 28621?
-2861b
In base 8, what is 170 - 11552?
-11362
In base 4, what is 23203131310 + 10?
23203131320
In base 11, what is -118960 + 4?
-118957
In base 12, what is 432 - -4?
436
In base 13, what is 237cb2 - -2?
237cb4
In base 13, what is 67 + c8a?
1024
In base 12, what is 10 - 21a5?
-2195
In base 6, what is -215322 + 12?
-215310
In base 11, what is -2a4116 + -9?
-2a4124
In base 12, what is -39 + -1904?
-1941
In base 12, what is -1735 + 4?
-1731
In base 12, what is -114579 - -3?
-114576
In base 7, what is 5 + -33561?
-33553
In base 7, what is 30132 - 10?
30122
In base 2, what is 10101010010001000 + 1111?
10101010010010111
In base 2, what is -1101100 - 1110010010?
-1111111110
In base 5, what is -23022 - 33?
-23110
In base 15, what is -2 - -13c1bc?
13c1ba
In base 14, what is -32150 - 4b?
-3219b
In base 4, what is 2130132 - 11?
2130121
In base 2, what is 110111 + -100100110?
-11101111
In base 10, what is 447098 + 0?
447098
In base 14, what is -36 + -3847?
-387d
In base 2, what is -11101100101111000011 + 11?
-11101100101111000000
In base 7, what is 643 + 13661?
14634
In base 5, what is -10 - 24432134?
-24432144
In base 15, what is -62828 - 5?
-6282d
In base 13, what is -137cc - -c?
-137c0
In base 13, what is -9 + 291a?
2911
In base 7, what is 0 - -21100?
21100
In base 15, what is -373 - -ad6?
763
In base 10, what is 285 + 13?
298
In base 5, what is -2 - -141411000?
141410443
In base 4, what is -2 + 1230022?
1230020
In base 12, what is -50b68 - -4?
-50b64
In base 5, what is -1430314 - 3?
-1430322
In base 11, what is -2 - -4892?
4890
In base 10, what is -1 + -164?
-165
In base 15, what is 5 + 439e?
43a4
In base 12, what is 1a - -893?
8b1
In base 5, what is 4413 - 103?
4310
In base 6, what is 2 + -13330442?
-13330440
In base 14, what is -2ab9 - 8c?
-2b67
In base 5, what is 120034 + -2124?
112410
In base 4, what is 1001212 - -1?
1001213
In base 16, what is 9 - -814?
81d
In base 15, what is 30d - -97?
3a5
In base 7, what is 120 - -6303?
6423
In base 13, what is 2b196 - 3?
2b193
In base 9, what is 7 + -6337?
-6330
In base 13, what is 6 + -10?
-7
In base 9, what is -348446 + -4?
-348451
In base 13, what is 17c - 806?
-657
In base 16, what is -b99 - 45d?
-ff6
In base 8, what is 50457 + -5?
50452
In base 4, what is 12 + -102023133?
-102023121
In base 5, what is -10 - -20213?
20203
In base 11, what is 3 + -3926?
-3923
In base 12, what is -5206 - 5?
-520b
In base 15, what is 65d8 - 2?
65d6
In base 11, what is 59 + 96?
144
In base 6, what is -3 - -50243?
50240
In base 14, what is -28 - -141c4?
1419a
In base 3, what is -1212101 - 212211?
-2202012
In base 15, what is -96312 + 1?
-96311
In base 15, what is -35 - 485?
-4ba
In base 12, what is 5b47 - -4?
5b4b
In base 3, what is -1001111121111 + -1?
-1001111121112
In base 7, what is -253342 + 4?
-253335
In base 7, what is 206610005 - -4?
206610012
In base 11, what is -2109 - 164?
-2272
In base 6, what is -2 + 410514?
410512
In base 7, what is 3 + -316552?
-316546
In base 12, what is -84 - 1915?
-1999
In base 9, what is 80 + -4032?
-3842
In base 2, what is -11101 + -100110111?
-101010100
In base 13, what is -13b6 - -409?
-caa
In base 15, what is 38ea - -91?
398b
In base 10, what is 37 + -1069?
-1032
In base 9, what is -633 - -206?
-426
In base 3, what is 110000100 - 200?
102222200
In base 6, what is 0 - 25224414?
-25224414
In base 11, what is -172 + -866?
-a28
In base 8, what is 2427 + 5131?
7560
In base 8, what is -27273 + -10?
-27303
In base 12, what is -1 - -26a65b?
26a65a
In base 14, what is -3743 - -17?
-372a
In base 14, what is -21 + 81?
60
In base 13, what is 1136c - -8?
11377
In base 5, what is -1421 - -2131?
210
In base 3, what is 101 + -2210122?
-2210021
In base 14, what is -2 - 6220?
-6222
In base 3, what is 12002122 - 2001?
12000121
In base 9, what is 28 - 47735?
-47706
In base 5, what is 1 - 4022444?
-4022443
In base 11, what is -5 - 11975?
-1197a
In base 12, what is 163 + 138?
29b
In base 12, what is -29 - -10226?
101b9
In base 13, what is 24 - 135c1?
-1359a
In base 10, what is 36 + 208?
244
In base 14, what is -1a7 - -1c91?
1ac8
In base 11, what is -28a6a79 + 4?
-28a6a75
In base 13, what is -a840 - 99?
-a909
In base 5, what is 3114142 - 4?
3114133
In base 14, what is -7 - -25c67?
25c60
In base 9, what is -175112 + 7?
-175104
In base 13, what is -4 - -17b83?
17b7c
In base 12, what is b + -104b?
-1040
In base 9, what is -2 + 1408800?
1408787
In base 2, what is 11011110111 + -1000100?
11010110011
In base 10, what is -775 + -13?
-788
In base 16, what is -705 - -30?
-6d5
In base 15, what is -6c - -d?
-5e
In base 5, what is -1100034 - -20?
-1100014
In base 7, what is -1051443 + -2?
-1051445
In base 7, what is 16260 + -4?
16253
In base 7, what is